16
Let x(z) = -z**3 - z**2 - 9*z - 5. Let f be x(-3). What is the greatest common factor of f and 10?
10
Let m(l) = l**2 + 6*l + 2. Let j be m(-6). Suppose 0 = -j*w + 10 - 0. What is the greatest common factor of 25 and w?
5
Let u be -3 + 3 + 208/2. What is the highest common divisor of 8 and u?
8
Suppose 0 = a, 2*x - 3*x = -2*a - 9. Let h be 1*6/4*42. What is the highest common factor of x and h?
9
Let t = 3 + 2. Suppose -t*a + 343 - 93 = 0. Let h be -3*1/(15/(-50)). Calculate the highest common factor of h and a.
10
Let g(n) = 5 - 7*n - 3 + 6*n. Let k be g(-10). What is the highest common factor of k and 24?
12
Let c be (2/6)/((-2)/(-12)). Let w be c + 1*-3 - -21. Suppose -z + 5*z = w. Calculate the highest common divisor of 45 and z.
5
Suppose 3*h - 22 = -f, 3*f + h - 46 = 4. Let o(v) = 50*v - 25*v + 23*v. Let b be o(3). What is the greatest common divisor of f and b?
16
Let d = 22 - 19. What is the highest common divisor of 24 and d?
3
Suppose -4*u + 14 - 52 = -2*w, -5*w + u = -50. What is the greatest common factor of 27 and w?
9
Let n be (-6)/4*20/3. Let u(f) = f**3 + 10*f**2 - 3*f + 5. Let d be u(n). What is the highest common factor of d and 7?
7
Suppose -3*y + y + 50 = 4*v, 5*y - v - 180 = 0. Suppose 2*r + 0*r = o + 12, 3*r - 4*o - 13 = 0. What is the greatest common divisor of r and y?
7
Suppose 4*r + 3*v = 108, 2*v - 92 = -4*r + 3*v. Calculate the greatest common factor of 72 and r.
24
Suppose b + 2 = -b, 2*m - 3*b = 27. Let o = -22 + m. Let a be 3/(-15) - 152/o. What is the highest common divisor of a and 5?
5
Let k = 1 - -1. Suppose k*c - 32 = c. Calculate the highest common factor of c and 80.
16
Let z = 2 - -1. Suppose 3 = 2*y - z. Suppose 0*x - y*x + 24 = -h, 3*x = -2*h + 15. What is the highest common factor of x and 7?
7
Suppose n - 2*d + 10 = -3*n, -5 = -n - d. Suppose o = -o + 5*a + 35, 3*o - 2*a - 36 = n. What is the highest common factor of o and 5?
5
Let d = 73 - 157. Let z = -21 - d. What is the highest common factor of z and 9?
9
Suppose 3*t + 4*d - 37 = 0, -4*d + 15 = -0*t + t. Calculate the greatest common divisor of 11 and t.
11
Suppose -124 = 4*n - 260. What is the greatest common divisor of 442 and n?
34
Suppose -2*j = 3*j. Let u be 1*(j - (-1 + 4)). Let f(h) = -2*h**3 - 4*h**2 - 2*h - 4. Let p be f(u). Calculate the greatest common factor of 40 and p.
20
Suppose 2*p - 4*p = 0. Let n(c) = 2*c**2 + 6*c + 10. Let l be n(7). Suppose 5*q - l = -p*q. What is the greatest common divisor of q and 20?
10
Suppose -52 = -5*l - 2. Let m(i) = 16*i + 16. Let p be m(4). Calculate the highest common factor of l and p.
10
Let g(b) = 3*b - 17. Let i be g(12). Let t = 101 + -63. Calculate the highest common factor of i and t.
19
Suppose v = -4*v. Suppose 4*x - 3*x - 14 = v. Calculate the greatest common factor of 70 and x.
14
Let g be 1/(-1) + (0 - 1). Let i be (g + -2 + 1)*-30. Let u be 4/(-24)*20*-3. Calculate the greatest common divisor of u and i.
10
Suppose -5*z + z = 40. Let p = z - -15. Suppose 4*u = -3*x + u + 3, 4*x - p*u = 13. What is the greatest common divisor of x and 18?
2
Let p be (4 - 3 - 4)/(3/(-7)). Let a(h) = 11*h**3 - 2*h + 1. Let q be a(1). Let d be 564/10 - 4/q. What is the greatest common factor of d and p?
7
Suppose -5*b = 5*h - 2140, 2125 = -h + 6*h + 2*b. Let f = -295 + h. Calculate the greatest common divisor of 16 and f.
16
Let n be 1/3 - 88/(-6). Let u be (-6)/(-3)*25/10. Suppose 10 = -u*r + 40. Calculate the highest common divisor of r and n.
3
Let w be (-756)/(-70) - (-8)/(-10). Calculate the highest common factor of 60 and w.
10
Let i = 681 - 406. What is the greatest common divisor of i and 55?
55
Let t = -18 - -93. What is the greatest common factor of 50 and t?
25
Let l(j) = j**3 - 3*j**2 - 2*j + 5. Let w be l(4). Let o(v) = -v**3 + 9*v**2 + 10*v + 13. Let h be o(10). What is the greatest common divisor of w and h?
13
Let t = 206 - 138. Suppose -31 - 14 = j. Let l = t + j. Calculate the highest common divisor of l and 23.
23
Suppose b = -4*c + 17, -3*c - 5 = -4*b + 2*c. Suppose b*o - 18 = 22. Suppose u - 90 + 18 = -4*n, -n + 2 = 0. What is the greatest common divisor of o and u?
8
Let m(y) = 38*y - 12. Let o be m(6). Suppose w = 2*w - o. What is the highest common divisor of w and 27?
27
Let l = -37 + 61. Let r = -16 + 19. Calculate the greatest common divisor of l and r.
3
Let q = 14 + -13. Calculate the highest common factor of 9 and q.
1
Let m be 1300/24 + (-1)/6. Calculate the highest common factor of 9 and m.
9
Let i(j) = j**3 - 4*j**2 - 3*j + 6. Let x be i(6). What is the highest common divisor of 20 and x?
20
Suppose -q + 17 = 3*a, -2*a + 1 = -3*a + q. Suppose -4*n = -0*n - 5*g - 178, -3*n + 134 = -a*g. Calculate the highest common factor of n and 6.
6
Suppose 0 = 5*r - 6*r + 24. What is the highest common divisor of 36 and r?
12
Suppose 6*n = 2*n - 4. Suppose 0*f + 2 = -f. Let d be 17 + n/f*0. Calculate the greatest common divisor of 119 and d.
17
Let c(w) = 33*w - 22. Let g be c(2). Calculate the highest common divisor of g and 198.
22
Let k(j) = -12*j - 1. Let o(c) = -c + 6. Let r be o(7). Let y be k(r). Calculate the greatest common divisor of 11 and y.
11
Let n(q) be the first derivative of q**3 - 5*q**2 - 2*q - 2. Let j be n(8). Suppose -r = -3*r + j. What is the greatest common factor of 22 and r?
11
Let t(i) = -i**2 + 16*i + 1. Let n be t(11). What is the greatest common divisor of 14 and n?
14
Let x = -2 + 2. Suppose -y - 4*z + 127 = -z, y - 4*z - 141 = x. What is the greatest common divisor of 19 and y?
19
Let q = 9 - 10. Let j = 1 - q. Suppose -t + j*m = -8 - 6, 2*m = 3*t - 30. Calculate the highest common divisor of t and 8.
8
Let j = -174 + 374. Let u = -108 + j. Calculate the highest common factor of 23 and u.
23
Let x = 31 + -45. Let c = x + 18. What is the greatest common divisor of c and 6?
2
Let l be ((-6)/9)/((-1)/21). Let z(k) = k**3 + 12*k**2 + 13*k + 13. Let n be z(-11). Let o = n + l. What is the highest common divisor of 15 and o?
5
Let c = -9 + 3. Let k be (-3 - 14/c)*-3. Calculate the greatest common divisor of 2 and k.
2
Let z be (-10)/(-1)*(2 + -1). What is the highest common factor of 25 and z?
5
Let q = 63 - 45. Calculate the highest common factor of q and 144.
18
Let c = -1 + 5. Suppose -78 = 2*v - c*v. What is the highest common factor of v and 13?
13
Let t(l) = l**2 - 5*l + 2. Let u be t(-9). Calculate the greatest common factor of u and 16.
16
Let f = -567 + 1101. Let s be f/1 + (-12)/6. Suppose -4*b + s = -2*b - q, 0 = b + 4*q - 248. What is the highest common divisor of b and 24?
24
Let q be 271/3 + (-2)/6. Let y(v) = v**2 + 11*v + 36. Let p be y(-9). Calculate the highest common divisor of q and p.
18
Suppose 3*k + 254 = 4*l, 2*k + 165 = 5*l - 156. Calculate the highest common divisor of l and 52.
13
Let j be (-3 + 156/20)*5. Calculate the highest common divisor of 36 and j.
12
Suppose -2*k - 1 = -25. Calculate the highest common factor of 96 and k.
12
Let f(a) = a**2 + 3*a - 7. Let h be f(5). Suppose 3 = 2*o + 33. Let l = h + o. Calculate the greatest common divisor of 45 and l.
9
Suppose 42 = z - 0*z. Calculate the highest common divisor of z and 63.
21
Let k be (60/2 + 3)*2. Calculate the highest common divisor of 33 and k.
33
Let i(o) = -o**3 + 4*o**2 - o + 10. Let n be i(4). Suppose 0 = -2*q + 1 + 3. Calculate the highest common factor of n and q.
2
Suppose -8*m + 91 + 221 = 0. Calculate the highest common divisor of m and 3.
3
Let c(g) = -2*g**2 + 17*g - 12. Let h be c(14). Let j = h + 246. Calculate the greatest common divisor of j and 8.
8
Let i = 16 - 7. Let l be i/(-72) + 65/8. What is the greatest common divisor of l and 8?
8
Let g be 66/(-10) - (-4)/(-10). Let j = g + 28. Let h be 12/7*j/2. Calculate the greatest common factor of 6 and h.
6
Suppose 4*l + 6 - 26 = 0. What is the greatest common divisor of 55 and l?
5
Suppose -7*b + 96 = -3*b. Calculate the greatest common divisor of 3 and b.
3
Let k(f) = 3*f - 4. Let z be k(3). Suppose 0 = -s + 4*u - 25, -3*u + 7 + 28 = -4*s. Let m = z - s. What is the greatest common factor of m and 4?
2
Let d(b) = -2*b**3 - 3*b**2 + b - 6. Let i be d(-4). Calculate the greatest common divisor of i and 28.
14
Suppose 4*v - 5*p = -15, v - 2*p + 2 = -4. Suppose -b = -v*b + 2. Let a be (b + 2)/3 - -10. Calc